e (0 + (-2)/4)*(-8 + 0). Suppose s*i + 0*c - 3*c = 272, c = -i + 68. List the prime factors of i.
2, 17
Let z(u) = u**3 + 5*u**2 + 3*u + 5. Let b be z(5). Let s = b - 64. List the prime factors of s.
2, 103
Suppose -j = 4*j - 15. Suppose -1 + 4 = -j*a. What are the prime factors of (-12)/(-8) + a/(-2)?
2
Suppose -2*a = -222 - 28. Let m = 122 + -117. Suppose -4*d + 108 = 2*y, -4*y - y + a = m*d. What are the prime factors of d?
29
Let u(n) = -n - 1. Let r(a) = 2*a + 1. Let i(c) = -r(c) + 3*u(c). What are the prime factors of i(-6)?
2, 13
Suppose 0*n - 20 = 4*n. Let b = n - -10. Suppose -b*k - 66 = -11*k. List the prime factors of k.
11
Suppose 16*q - 3452 = 4308. What are the prime factors of q?
5, 97
Suppose 0*m - 7 = -m. List the prime factors of -2 + m + -1 + 65.
3, 23
Suppose -4*y + 3 = -5. Suppose -2*f - 2*f - 4 = y*r, 5*f - 3*r - 6 = 0. Suppose -3*g - 3*h - 39 = -5*g, f = h - 1. What are the prime factors of g?
3, 7
Let b(l) = l**3 - 5*l**2 - 2*l + 5. Let n be b(4). Let u(t) = t**3 + 12*t**2 + 6*t - 16. Let o be u(-11). Let i = o + n. List the prime factors of i.
2, 5
What are the prime factors of (-84 + 15)/(4/((-112)/6))?
2, 7, 23
Let h be 7256/19 + 10/95 - 3. Suppose 3*o - h - 423 = x, 3*x = 4*o - 1061. List the prime factors of o.
269
Let x = 34 - 23. Let q(l) = l**2 - 12*l + 14. Let v be q(x). Suppose 7 = v*s + 22, 3*m - 65 = s. What are the prime factors of m?
2, 5
Let z(o) = o - 3. Suppose 3*n = 2*y - 27 + 5, 0 = 2*y + 3*n - 22. Let h be z(y). Suppose 192 = h*m - 4*m. List the prime factors of m.
2, 3
Let x = -62 - -35. Let c = x + 31. What are the prime factors of c?
2
Suppose -3*y + 176 = 4*z, y + 3*z = 2 + 65. Suppose y = 3*g - 5. List the prime factors of g.
19
Let b(t) = t**2 + 5*t - 1. Let l be b(-6). Suppose l - 345 = -5*y. Let m = y - 42. List the prime factors of m.
2, 13
Let m = -37 - -53. Let k(r) = 15*r - 57. List the prime factors of k(m).
3, 61
Let j(q) = -q + 1. Let l be (-576)/63 - (-1)/7. Let g be j(l). Let t(k) = -k + 16. What are the prime factors of t(g)?
2, 3
Suppose 2*x - 14 = 4. Let a(l) = 8 + 1 + 3 - x*l**2 - l**3. List the prime factors of a(-9).
2, 3
Let d = 1 - -1. Suppose -11*p = -p - 10. Let g = d + p. What are the prime factors of g?
3
Let t(u) = -7*u + 7. Let i be t(-2). Suppose -i*v + 215 = -20*v. List the prime factors of v.
5, 43
Let w = 20 - 8. Let m = 17 + w. List the prime factors of m.
29
Let r(w) = 6*w - 9. Let l be r(0). Let z(o) = o**3 + 12*o**2 + 12*o + 4. List the prime factors of z(l).
139
Suppose -6*a + 21 = -3. Suppose 4*m - 264 = a*u, 4*m + 6*u = 3*u + 229. List the prime factors of m.
61
Suppose 0*h = 3*h - 24. Suppose 5*u + 174 = h*u. What are the prime factors of u?
2, 29
Let m(c) = 72*c - 5. Suppose 8*s - s = 14. List the prime factors of m(s).
139
Let b be -2 + 0/3 - -62. Suppose -5*p + 2*p = -b. Suppose i = -2 + p. What are the prime factors of i?
2, 3
Suppose 7*u - 14 - 14 = 0. Let t(v) = 6*v + v**3 - 10 - v + 5*v - 5*v**2 - 2*v. What are the prime factors of t(u)?
2, 3
Suppose 0 = 3*m - 6 - 6. Suppose 4*j - m*x - 152 = -9*x, -x = 4. List the prime factors of j.
43
Suppose -2*u - 26 = -o, -3*u - 23 - 21 = -4*o. Let q = u - -10. List the prime factors of (1/q)/(2/(-116)).
29
Let l(j) = j**2 + j - 4. Let u = 11 + -13. Let m be (u/4)/((-3)/18). What are the prime factors of l(m)?
2
Let o(h) = 3*h**2 - 55*h - 19. List the prime factors of o(26).
3, 193
Let n be (-40)/(-30)*6/4. What are the prime factors of (-294)/(-63)*45/n?
3, 5, 7
Let g(p) = -68*p + 2. Let d be g(1). List the prime factors of d/(-10) - (-36)/(-60).
2, 3
Let c(r) = 63*r**2 + r. Let h be c(-1). Suppose 5*z - 5 = -d + h, -d = 2*z - 82. List the prime factors of d.
2, 23
Let j(w) = w**3 + 6*w**2 - 2*w + 3. Let b be j(-6). Suppose 5 = 5*u - b. Suppose -100 = -u*h + 4*l, 2*h - 45 + 2 = -5*l. What are the prime factors of h?
2, 3
Suppose 4*u = 2*v - 2846 + 10398, 0 = 3*u - v - 5662. What are the prime factors of u?
2, 23, 41
Suppose -349 = -p - 4*a, -2*p - 3*a = -243 - 470. What are the prime factors of p?
19
Let l = -47 + -108. Let f = 231 + l. What are the prime factors of f?
2, 19
Let f(m) = m**2 - 2*m - 3. Let s be 6*(-3)/(-9)*3. Suppose 5*l - s = 14. What are the prime factors of f(l)?
5
Let j(o) = o**2 - 62*o + 524. What are the prime factors of j(65)?
719
Let j = -311 + 328. List the prime factors of j.
17
Let o = -39 - -72. Let p be 6/4*(-22)/o. Let k(g) = 11*g**2 + 2*g + 1. List the prime factors of k(p).
2, 5
What are the prime factors of (-4 - -9)*(-8680)/(-25)?
2, 7, 31
Suppose -29 = 14*l - 575. Suppose 2*w = -4*o + 26, -w - 3*w = -5*o - l. List the prime factors of w.
11
Let w = 18 + -18. Suppose -b - b + 232 = w. Suppose -37 = -3*h + b. What are the prime factors of h?
3, 17
Let i be -9 + 74 + 0/(-2). Let u = 32 + i. What are the prime factors of u?
97
Suppose -14*j = -24*j + 3280. What are the prime factors of j?
2, 41
Let l(m) = 2*m**2 + 5*m + 3. Let t be l(-3). Suppose t*b = 176 + 70. List the prime factors of b.
41
Suppose -3*r - 6 = 0, 0 = -2*f + 2*r + r + 2. Let y be 32/(-8)*f/4. Suppose 5*a = y*n - 13 - 112, 4*n = -5*a + 205. What are the prime factors of n?
5, 11
Suppose -13480 = 91*t - 95*t. What are the prime factors of t?
2, 5, 337
Let r(u) = u**3 - 4*u**2 - 5*u + 5. Let f be r(5). Suppose 0 = -g + f*o + 14, g + 2*o = -3*g + 56. List the prime factors of (0 + 1)/(g/448).
2
Let k = 103 - 74. Let s = 19 - k. What are the prime factors of s - -35 - (-6)/(-2)?
2, 11
Suppose -3*x + 19 = -11. Let a be (-11 + x)/((-1)/7). Let k(f) = -f + 19. What are the prime factors of k(a)?
2, 3
Let i(h) = -64*h - 5 + 4*h**2 - 65*h + 131*h. List the prime factors of i(-4).
3, 17
Suppose 60*s - 83497 = 2063. What are the prime factors of s?
2, 23, 31
Suppose -o = 4*h - 2009, 3*o = -2*h - o + 1022. What are the prime factors of h?
3, 167
Let f be -4 + -1 + 12 + -4. Suppose 2*a = f*a - 43. What are the prime factors of a?
43
Let l(n) = n**3 + 6*n**2 + 4*n + 1. Let b be l(-5). Suppose -b - 2 = 4*y. List the prime factors of ((-11)/y - 4)*2.
3
Suppose -903 = -5*d + 357. Let y = d - 173. What are the prime factors of y?
79
Let w be (27/15)/((-3)/(-10)). Let n = 95 - w. What are the prime factors of n?
89
Let h = 1553 + -961. List the prime factors of h.
2, 37
Suppose -5*j + 4*c - 936 = -0*c, -j = 3*c + 172. Let h = -17 - j. List the prime factors of h.
167
Let d be (-135)/25 + 2/5. Let y be 6/(-10) + (-33)/d. Suppose 2*o - 10 = -2*k + y, -o - 28 = -5*k. List the prime factors of k.
2, 3
Let w(m) = 2*m**3 - m**2 + 7*m + 7. What are the prime factors of w(7)?
3, 7, 11
Suppose -19*c + 2262 = -29392. What are the prime factors of c?
2, 7, 17
Suppose -2*w = -4*r + 8*r - 16, 0 = 2*r + 2. Suppose 7*p = 2*p + w. Suppose -x + 210 = 3*b + p*x, -5*x = -5*b + 310. What are the prime factors of b?
2, 3, 11
Let t(u) = 63*u - 173. What are the prime factors of t(20)?
1087
Suppose 2*d + 0*d - 5*a - 4 = 0, -2*d - 5*a - 16 = 0. Let h be (-2 - -112)*d/6. What are the prime factors of 22/h - 694/(-10)?
3, 23
Suppose q - 93 = 41. What are the prime factors of q?
2, 67
Suppose 5*v + 9440 = 3*z, -3*z = 2*v - 6935 - 2498. What are the prime factors of z?
5, 17, 37
List the prime factors of 24/14*5*(-4361)/(-178).
2, 3, 5, 7
Let k(m) = -2*m**3 - 6*m**2 - 12*m + 8. Let b be (((-42)/8)/7)/(2/16). List the prime factors of k(b).
2, 37
What are the prime factors of -3 - (1 - 6) - -114?
2, 29
Suppose 33 = -4*i + 5*t - 5, 2*i = -3*t - 30. Let h be 67/(-5) - i/30. Let y = h + 25. What are the prime factors of y?
2, 3
Let g(r) = -2*r**3 - 12*r**2 + 10*r - 16. Let f(m) = -3*m**3 - 23*m**2 + 19*m - 32. Let s(p) = -3*f(p) + 5*g(p). List the prime factors of s(7).
5, 13
Suppose 2*a - 210 - 2 = 0. Let m = a + -45. List the prime factors of m.
61
List the prime factors of (-4)/(-6) + (-2 - (-2615)/15).
173
Suppose 2*o - 8 = -2*o - k, -o - 4*k = -17. List the prime factors of 29/o - (6 - 7).
2, 3, 5
Let l(u) = -u**2 + 12*u - 8. Let n be l(11). Suppose -n*p = -2*k + 376, 3*p - 16 = -p. List the prime factors of k.
2, 97
Suppose -3*m - 4620 = -31*m. What are the prime factors of m?
3, 5, 11
Let t be (-2)/(-2)*-1*-11. Suppose -a - t = 10. Let r = 23 + a. List the prime factors of r.
2
Suppose 4*w - 530 = 82. What are the prime factors of w?
3, 17
Let h(b) = b